779830?
8
What is the hundreds digit of 5273834?
8
What is the ten thousands digit of 334620?
3
What is the hundred thousands digit of 7035773?
0
What is the ten thousands digit of 2835315?
3
What is the units digit of 8154820?
0
What is the millions digit of 6712702?
6
What is the ten thousands digit of 2421246?
2
What is the ten thousands digit of 152383?
5
What is the millions digit of 1943329?
1
What is the tens digit of 92766?
6
What is the thousands digit of 1817974?
7
What is the units digit of 1077191?
1
What is the units digit of 16149558?
8
What is the hundreds digit of 905653?
6
What is the units digit of 13889242?
2
What is the hundreds digit of 273252?
2
What is the units digit of 521657?
7
What is the tens digit of 6763779?
7
What is the hundred thousands digit of 1955805?
9
What is the units digit of 9062888?
8
What is the tens digit of 127993?
9
What is the units digit of 3146490?
0
What is the thousands digit of 1309013?
9
What is the thousands digit of 71740?
1
What is the hundreds digit of 347060?
0
What is the thousands digit of 765552?
5
What is the thousands digit of 62610?
2
What is the hundreds digit of 3110175?
1
What is the tens digit of 565974?
7
What is the hundreds digit of 134079?
0
What is the hundreds digit of 31508624?
6
What is the thousands digit of 2566293?
6
What is the hundreds digit of 6013971?
9
What is the thousands digit of 306183?
6
What is the hundred thousands digit of 2222385?
2
What is the ten thousands digit of 5469089?
6
What is the units digit of 10707?
7
What is the millions digit of 2266583?
2
What is the tens digit of 5058024?
2
What is the thousands digit of 12988510?
8
What is the ten millions digit of 17812955?
1
What is the hundreds digit of 29808?
8
What is the hundred thousands digit of 341221?
3
What is the thousands digit of 985147?
5
What is the hundreds digit of 349203?
2
What is the thousands digit of 2636162?
6
What is the thousands digit of 671408?
1
What is the millions digit of 3843255?
3
What is the hundred thousands digit of 15495231?
4
What is the thousands digit of 266341?
6
What is the tens digit of 233646?
4
What is the hundred thousands digit of 333937?
3
What is the thousands digit of 984316?
4
What is the ten thousands digit of 30238821?
3
What is the thousands digit of 282521?
2
What is the thousands digit of 17085667?
5
What is the tens digit of 589520?
2
What is the hundreds digit of 82723?
7
What is the hundreds digit of 7396954?
9
What is the ten thousands digit of 20340454?
4
What is the millions digit of 1076885?
1
What is the hundreds digit of 18494427?
4
What is the tens digit of 264173?
7
What is the hundred thousands digit of 883621?
8
What is the units digit of 10379?
9
What is the ten thousands digit of 3232192?
3
What is the hundreds digit of 231248?
2
What is the hundreds digit of 4440641?
6
What is the ten thousands digit of 20413916?
1
What is the thousands digit of 139511?
9
What is the tens digit of 146965?
6
What is the tens digit of 610501?
0
What is the hundred thousands digit of 11363901?
3
What is the hundred thousands digit of 997642?
9
What is the hundred thousands digit of 141698?
1
What is the hundred thousands digit of 713864?
7
What is the ten thousands digit of 26670695?
7
What is the thousands digit of 19343?
9
What is the tens digit of 152873?
7
What is the tens digit of 2003846?
4
What is the hundreds digit of 51859?
8
What is the hundred thousands digit of 169015?
1
What is the units digit of 85310?
0
What is the thousands digit of 9329215?
9
What is the units digit of 366070?
0
What is the tens digit of 19682?
8
What is the hundred thousands digit of 1441468?
4
What is the ten thousands digit of 977072?
7
What is the units digit of 1890905?
5
What is the hundreds digit of 4305146?
1
What is the ten thousands digit of 242741?
4
What is the units digit of 325685?
5
What is the hundred thousands digit of 296314?
2
What is the units digit of 171225?
5
What is the units digit of 9902649?
9
What is the units digit of 24659?
9
What is the hundred thousands digit of 28211530?
2
What is the units digit of 162063?
3
What is the units digit of 61620?
0
What is the units digit of 309940?
0
What is the hundred thousands digit of 40130656?
1
What is the ten thousands digit of 695076?
9
What is the tens digit of 16308457?
5
What is the hundreds digit of 81504?
5
What is the ten thousands digit of 40691?
4
What is the units digit of 10071?
1
What is the ten thousands digit of 171598?
7
What is the millions digit of 26701829?
6
What is the thousands digit of 209148?
9
What is the ten thousands digit of 5862972?
6
What is the millions digit of 17784242?
7
What is the ten thousands digit of 19610130?
1
What is the hundreds digit of 90697?
6
What is the units digit of 27664?
4
What is the ten thousands digit of 14391459?
9
What is the hundreds digit of 358118?
1
What is the hundreds digit of 21577978?
9
What is the millions digit of 1937602?
1
What is the thousands digit of 1276948?
6
What is the ten thousands digit of 1254334?
5
What is the tens digit of 1239827?
2
What is the units digit of 827269?
9
What is the tens digit of 52054?
5
What is the units digit of 18589?
9
What is the thousands digit of 2072126?
2
What is the tens digit of 248981?
8
What is the units digit of 6005697?
7
What is the hundred thousands digit of 983332?
9
What is the ten thousands digit of 17793?
1
What is the millions digit of 1151162?
1
What is the hundreds digit of 2502748?
7
What is the hundreds digit of 55837?
8
What is the ten thousands digit of 11816163?
1
What is the thousands digit of 919343?
9
What is the hundreds digit of 4070247?
2
What is the thousands digit of 3779?
3
What is the hundred thousands digit of 856572?
8
What is the tens digit of 220849?
4
What is the ten thousands digit of 42202660?
0
What is the units digit of 275947?
7
What is the hundreds digit of 6106?
1
What is the hundreds digit of 23416562?
5
What is the hundred thousands digit of 717186?
7
What is the thousands digit of 215753?
5
What is the units digit of 45939?
9
What is the units digit of 1675?
5
What is the units digit of 342740?
0
What is the units digit of 7368131?
1
What is the millions digit of 8423877?
8
What is the units digit of 208488?
8
What is the ten thousands digit of 150373?
5
What is the hundreds digit of 5948557?
5
What is the hundreds digit of 2603113?
1
What is the hundreds digit of 370669?
6
What is the hundred thousands digit of 198597?
1
What is the ten thousands digit of 2705307?
0
What is the thousands digit of 18970114?
0
What is the millions digit of 8946307?
8
What is the units digit of 253827?
7
What is the hundred thousands digit of 726602?
7
What is the hundred thousands digit of 10192690?
1
What is the millions digit of 9100709?
9
What is the ten thousands digit of 1560128?
6
What is the thousands digit of 81853?
1
What is the units digit of 5509913?
3
What is the hundreds digit of 207592?
5
What is the hundred thousands digit of 8571512?
5
What is the hundreds digit of 3633673?
6
What is the ten thousands digit of 5587733?
8
What is the hundreds digit of 7339287?
2
What is the millions digit of 10522239?
0
What is the hundreds digit of 1032744?
7
What is the hundreds digit of 182679?
6
What is the units digit of 155038?
8
What is the thousands digit of 236709?
6
What is the tens digit of 4501357?
5
What is the tens digit of 1458530?
3
What is the hundreds digit of 7165399?
3
What is the thousands digit of 142923?
2
What is the tens digit of 909802?
0
What is the hundreds digit of 24066?
0
What is the hundreds digit of 339663?
6
What is the units digit of 21912199?
9
What is the tens digit of 295662?
6
What is the thousands digit of 301451?
1
What is the ten thousands digit of 257583?
5
What is the ten thousands digit of 7624686?
2
What is the ten thousands digit of 168457?
6
What is the hundreds digit of 726749?
7
What is the millions digit of 1281167?
1
What is the hundred thousands digit of 909949?
9
What is the hundreds digit of 1305213?
2
What is the hundreds digit of 93740?
7
What is the tens digit of 2640397?
9
What is the tens digit of 9960149?
4
What is the units digit of 136124?
4
What is the units digit of 683282?
2
What is the hundred thous